st the prime factors of 5134.
2, 17, 151
What are the prime factors of 58?
2, 29
List the prime factors of 2850.
2, 3, 5, 19
What are the prime factors of 3078?
2, 3, 19
List the prime factors of 676.
2, 13
What are the prime factors of 195?
3, 5, 13
What are the prime factors of 84682?
2, 13, 3257
What are the prime factors of 648?
2, 3
What are the prime factors of 2434?
2, 1217
What are the prime factors of 2477?
2477
List the prime factors of 13763.
13763
What are the prime factors of 3069?
3, 11, 31
List the prime factors of 75541.
75541
What are the prime factors of 53077?
53077
What are the prime factors of 84833?
7, 12119
List the prime factors of 59174.
2, 29587
List the prime factors of 8124.
2, 3, 677
List the prime factors of 538.
2, 269
What are the prime factors of 431?
431
What are the prime factors of 3882?
2, 3, 647
What are the prime factors of 133?
7, 19
What are the prime factors of 3798?
2, 3, 211
List the prime factors of 33929.
7, 37, 131
List the prime factors of 3210.
2, 3, 5, 107
What are the prime factors of 590?
2, 5, 59
List the prime factors of 26521.
11, 2411
List the prime factors of 62.
2, 31
What are the prime factors of 3125?
5
List the prime factors of 797.
797
List the prime factors of 10640.
2, 5, 7, 19
List the prime factors of 2351.
2351
What are the prime factors of 140045?
5, 37, 757
What are the prime factors of 858?
2, 3, 11, 13
List the prime factors of 3431.
47, 73
What are the prime factors of 588?
2, 3, 7
List the prime factors of 16134.
2, 3, 2689
What are the prime factors of 25832?
2, 3229
List the prime factors of 158731.
158731
What are the prime factors of 1220?
2, 5, 61
List the prime factors of 36207.
3, 149
List the prime factors of 6766.
2, 17, 199
List the prime factors of 470.
2, 5, 47
What are the prime factors of 6318?
2, 3, 13
List the prime factors of 16637.
127, 131
What are the prime factors of 535?
5, 107
What are the prime factors of 94063?
94063
List the prime factors of 21954.
2, 3, 3659
List the prime factors of 1162.
2, 7, 83
List the prime factors of 929.
929
What are the prime factors of 31569?
3, 17, 619
What are the prime factors of 1669?
1669
What are the prime factors of 10549?
7, 11, 137
What are the prime factors of 158880?
2, 3, 5, 331
List the prime factors of 11297.
11, 13, 79
List the prime factors of 3476.
2, 11, 79
List the prime factors of 45633.
3, 7, 41, 53
List the prime factors of 435.
3, 5, 29
What are the prime factors of 9846?
2, 3, 547
List the prime factors of 150447.
3, 11, 47, 97
List the prime factors of 44893.
44893
What are the prime factors of 16735?
5, 3347
What are the prime factors of 466?
2, 233
What are the prime factors of 15928?
2, 11, 181
What are the prime factors of 108339?
3, 7, 11, 67
List the prime factors of 8427.
3, 53
What are the prime factors of 3965?
5, 13, 61
What are the prime factors of 11548?
2, 2887
List the prime factors of 3344.
2, 11, 19
What are the prime factors of 33510?
2, 3, 5, 1117
What are the prime factors of 11148?
2, 3, 929
What are the prime factors of 1115?
5, 223
List the prime factors of 86360.
2, 5, 17, 127
What are the prime factors of 442?
2, 13, 17
What are the prime factors of 2424?
2, 3, 101
List the prime factors of 858.
2, 3, 11, 13
List the prime factors of 70859.
59, 1201
List the prime factors of 1449.
3, 7, 23
List the prime factors of 282.
2, 3, 47
List the prime factors of 2025.
3, 5
List the prime factors of 154440.
2, 3, 5, 11, 13
List the prime factors of 1443.
3, 13, 37
What are the prime factors of 93722?
2, 46861
List the prime factors of 3359.
3359
What are the prime factors of 27476?
2, 6869
List the prime factors of 710.
2, 5, 71
What are the prime factors of 464?
2, 29
What are the prime factors of 6574?
2, 19, 173
List the prime factors of 860.
2, 5, 43
What are the prime factors of 9507?
3, 3169
List the prime factors of 4257.
3, 11, 43
What are the prime factors of 9486?
2, 3, 17, 31
List the prime factors of 15524.
2, 3881
What are the prime factors of 16469?
43, 383
List the prime factors of 1900.
2, 5, 19
List the prime factors of 13373.
43, 311
List the prime factors of 27420.
2, 3, 5, 457
What are the prime factors of 284?
2, 71
List the prime factors of 12825.
3, 5, 19
List the prime factors of 13354.
2, 11, 607
List the prime factors of 41019.
3, 11, 113
List the prime factors of 5776.
2, 19
List the prime factors of 2115.
3, 5, 47
List the prime factors of 7297.
7297
List the prime factors of 22988.
2, 7, 821
List the prime factors of 7127.
7127
List the prime factors of 3351.
3, 1117
List the prime factors of 30629.
109, 281
List the prime factors of 91305.
3, 5, 2029
List the prime factors of 43887.
3, 14629
List the prime factors of 1254.
2, 3, 11, 19
What are the prime factors of 10175?
5, 11, 37
What are the prime factors of 495?
3, 5, 11
What are the prime factors of 67337?
17, 233
What are the prime factors of 39?
3, 13
What are the prime factors of 20063?
20063
List the prime factors of 47803.
7, 6829
List the prime factors of 10429.
10429
List the prime factors of 555.
3, 5, 37
What are the prime factors of 1385?
5, 277
List the prime factors of 50436.
2, 3, 467
What are the prime factors of 5593?
7, 17, 47
What are the prime factors of 1604?
2, 401
What are the prime factors of 25534?
2, 17, 751
List the prime factors of 7737.
3, 2579
List the prime factors of 32.
2
What are the prime factors of 8932?
2, 7, 11, 29
What are the prime factors of 1173?
3, 17, 23
What are the prime factors of 2868?
2, 3, 239
List the prime factors of 1803.
3, 601
What are the prime factors of 7033?
13, 541
List the prime factors of 5395.
5, 13, 83
What are the prime factors of 639?
3, 71
List the prime factors of 1470.
2, 3, 5, 7
What are the prime factors of 2306?
2, 1153
List the prime factors of 840.
2, 3, 5, 7
What are the prime factors of 939?
3, 313
What are the prime factors of 1924?
2, 13, 37
What are the prime factors of 1942?
2, 971
What are the prime factors of 38601?
3, 4289
List the prime factors of 122832.
2, 3, 853
List the prime factors of 31710.
2, 3, 5, 7, 151
What are the prime factors of 22606?
2, 89, 127
List the prime factors of 904.
2, 113
What are the prime factors of 1210?
2, 5, 11
List the prime factors of 609.
3, 7, 29
List the prime factors of 783.
3, 29
What are the prime factors of 65?
5, 13
List the prime factors of 6285.
3, 5, 419
List the prime factors of 20019.
3, 6673
List the prime factors of 25153.
25153
List the prime factors of 939.
3, 313
List the prime factors of 41376.
2, 3, 431
List the prime factors of 616.
2, 7, 11
List the prime factors of 160.
2, 5
List the prime factors of 5358.
2, 3, 19, 47
What are the prime factors of 9002?
2, 7, 643
What are the prime factors of 4091?
4091
What are the prime factors of 20590?
2, 5, 29, 71
List the prime factors of 2020.
2, 5, 101
What are the prime factors of 91781?
91781
What are the prime factors of 1165?
5, 233
What are the prime factors of 77059?
263, 293
List the prime factors of 3557.
3557
List the prime factors of 2274.
2, 3, 379
What are the prime factors of 766?
2, 383
What are the prime factors of 67980?
2, 3, 5, 11, 103
List the prime factors of 2375.
5, 19
List the prime factors of 36077.
43, 839
What are the prime factors of 1119?
3, 373
What are the prime factors of 15359?
15359
What are the prime factors of 2078?
2, 1039
List the prime factors of 7245.
3, 5, 7, 23
List the prime factors of 17023.
29, 587
What are the prime factors of 1062?
2, 3, 59
List the prime factors of 12192.
2, 3, 127
What are the prime factors of 3974?
2, 1987
What are the prime factors of 12085?
5, 2417
List the prime factors of 4860.
2, 3, 5
List the prime factors of 1571.
1571
List the prime factors of 38434.
2, 11, 1747
What are the prime factors of 7631?
13, 587
What are the prime factors of 17967?
3, 53, 113
List the prime factors of 2349.
3, 29
What are the prime factors of 3413?
3413
What are the prime factors of 1460?
2, 5, 73
What are the prime factors of 49591?
101, 491
What are the prime factors of 13807?
13807
List the prime factors of 31167.
3, 3463
What are the prime factors of 3824?
2, 239
List the prime factors of 136583.
73, 1871
List the prime factors of 7728.
2, 3, 7, 23
List the pr